 5, what is 20 + 413?
433
In base 6, what is 15 - 3003?
-2544
In base 14, what is 3 + 47b?
480
In base 2, what is -1100101 - 100?
-1101001
In base 2, what is -1001 - 10110111?
-11000000
In base 10, what is 2 - 26?
-24
In base 5, what is -10 - -4441?
4431
In base 16, what is 2 + -4fb?
-4f9
In base 11, what is -335 + 26?
-30a
In base 16, what is -4 + -a7?
-ab
In base 10, what is 85 + -8?
77
In base 6, what is 2 - -13532?
13534
In base 8, what is -431 + 43?
-366
In base 9, what is 11 - -15?
26
In base 9, what is -100 + 26?
-63
In base 4, what is -320 - -33?
-221
In base 3, what is 11111 - -10?
11121
In base 11, what is 6 + 4?
a
In base 12, what is -11 - 31?
-42
In base 14, what is 5 + 6b?
72
In base 15, what is -4d6 - -c?
-4c9
In base 15, what is 13c + e?
14b
In base 8, what is -30 + 74?
44
In base 8, what is -703 - -3?
-700
In base 11, what is 19758 - 5?
19753
In base 2, what is -1110 + -1001001?
-1010111
In base 16, what is -24 + -4?
-28
In base 9, what is -10824 + 2?
-10822
In base 11, what is 6 - 24?
-19
In base 8, what is 36 + 3?
41
In base 4, what is -1 - 2231?
-2232
In base 3, what is 101022 - 102?
100220
In base 7, what is -10 - -2?
-5
In base 9, what is -10 - 51?
-61
In base 2, what is -1100 + -1101011?
-1110111
In base 2, what is -11101000011 + 11?
-11101000000
In base 7, what is 5 - -114?
122
In base 12, what is 9 - -2?
b
In base 5, what is 32 + -12230?
-12143
In base 16, what is -5 + a6?
a1
In base 5, what is -33 + 22?
-11
In base 8, what is -3 - -67?
64
In base 14, what is 5 - 9?
-4
In base 10, what is -298 + 5?
-293
In base 16, what is -7 + 176?
16f
In base 6, what is 2 - 1150?
-1144
In base 16, what is -1 + -9b?
-9c
In base 6, what is -23 + -121?
-144
In base 15, what is 39 - -5?
3e
In base 13, what is -48 + 21?
-27
In base 4, what is 20222 - 11?
20211
In base 3, what is -12012 - -1002?
-11010
In base 3, what is 101 - -10?
111
In base 9, what is -3 + -7682?
-7685
In base 16, what is 20 + 5?
25
In base 6, what is -5 + 2?
-3
In base 16, what is 4 - -2da?
2de
In base 4, what is -1 + 133?
132
In base 2, what is -110101 + 1?
-110100
In base 12, what is 1 + 8?
9
In base 7, what is 221 + 11?
232
In base 4, what is -13 + -210?
-223
In base 14, what is 3 - 2ad8?
-2ad5
In base 2, what is 100 - 11101?
-11001
In base 14, what is -1 + -cd?
-d0
In base 7, what is -23 + 12?
-11
In base 5, what is 101 + 10?
111
In base 7, what is 2631 + -2?
2626
In base 4, what is -30 - -33?
3
In base 14, what is -4 + -7?
-b
In base 3, what is -212010 - -10?
-212000
In base 7, what is 166 + -5?
161
In base 15, what is bd9 - 1?
bd8
In base 6, what is -1314 + 5?
-1305
In base 6, what is -1024 - -4?
-1020
In base 11, what is -2 + 463?
461
In base 13, what is 327 + 4?
32b
In base 7, what is -2 - 425?
-430
In base 14, what is 3 - -1dc?
201
In base 3, what is -10 + 22?
12
In base 14, what is -4 + -37?
-3b
In base 2, what is 1001101 - 1101111?
-100010
In base 16, what is -b6 - -15?
-a1
In base 5, what is -10 + -2014?
-2024
In base 9, what is -2 + -28?
-31
In base 13, what is 0 - 80?
-80
In base 10, what is 5 - -60?
65
In base 6, what is 20 + -35?
-15
In base 3, what is 210 + -1?
202
In base 5, what is 223 + -1?
222
In base 5, what is 42222 + 3?
42230
In base 16, what is 11 - -a9?
ba
In base 3, what is 1 + 1002021?
1002022
In base 14, what is -368 + 1c?
-34a
In base 14, what is 2 - -21d?
221
In base 14, what is -6 + a5?
9d
In base 9, what is -88 - 5?
-104
In base 12, what is 9 - 5aa?
-5a1
In base 2, what is 0 + -1011110?
-1011110
In base 7, what is 5 - -15?
23
In base 9, what is 5 + -154?
-148
In base 8, what is 52 - 7?
43
In base 12, what is 4 - 403?
-3bb
In base 12, what is 17b6 + 3?
17b9
In base 3, what is -2222221 + -12?
-10000010
In base 4, what is 120 - -13?
133
In base 8, what is 133 - 26?
105
In base 8, what is 0 - -2135?
2135
In base 2, what is 111 - 1000000111000?
-1000000110001
In base 11, what is 21 + -6?
16
In base 3, what is -2102 + 12?
-2020
In base 13, what is -2 - 67?
-69
In base 15, what is 8 - d?
-5
In base 6, what is 0 - -40?
40
In base 6, what is -225 - 3?
-232
In base 13, what is 969 + 8?
974
In base 7, what is -112056 + -1?
-112060
In base 5, what is -3 - 43?
-101
In base 8, what is -5 + 433?
426
In base 12, what is a2 - -a?
b0
In base 5, what is -3014 + -2?
-3021
In base 15, what is 1da + -b?
1ce
In base 15, what is -17 - 22?
-39
In base 13, what is -173 + 3?
-170
In base 10, what is 111 - 2?
109
In base 12, what is -13 - 5?
-18
In base 5, what is 310 + 10?
320
In base 6, what is -3 - 4231?
-4234
In base 14, what is c - 27?
-19
In base 8, what is -70 + -5?
-75
In base 12, what is -13469 + 0?
-13469
In base 13, what is -12c6 - 5?
-12cb
In base 7, what is 311 - 224?
54
In base 14, what is 73 - -56?
c9
In base 11, what is -23 + -4?
-27
In base 13, what is -3 + 147?
144
In base 9, what is -4 - -106?
102
In base 14, what is -24 - -1b?
-7
In base 14, what is -5 - -67?
62
In base 6, what is -102454 - 2?
-102500
In base 2, what is -1000001001 + 11?
-1000000110
In base 2, what is 10 - -1111001010111?
1111001011001
In base 2, what is 101001 + -1?
101000
In base 3, what is -1012 - -10200?
2111
In base 13, what is -2 - 22?
-24
In base 4, what is 201023 - 2?
201021
In base 2, what is 1101 - 1001100?
-111111
In base 4, what is 22 + -101?
-13
In base 6, what is -133 + 4?
-125
In base 16, what is 15 - 10?
5
In base 9, what is -2 - -1008?
1006
In base 4, what is 3 - 23322?
-23313
In base 4, what is 21333 + 10?
22003
In base 16, what is 2 + -8b?
-89
In base 7, what is 1053 - 4?
1046
In base 13, what is -1a0 + -5?
-1a5
In base 5, what is -203 + 2?
-201
In base 3, what is 11 + -1202?
-1121
In base 2, what is 1111011 - 101?
1110110
In base 13, what is 247 + 2?
249
In base 9, what is -133 - 8?
-142
In base 13, what is -4 + -563?
-567
In base 6, what is -151 + -4?
-155
In base 16, what is -39 + -1c?
-55
In base 15, what is -e + -2?
-11
In base 8, what is -530 + -36?
-566
In base 14, what is -3 - -39b?
398
In base 14, what is 5 - 68?
-63
In base 10, what is 69 - 7?
62
In base 10, what is 188 + -9?
179
In base 10, what is 6 + -1568?
-1562
In base 6, what is -1420 - -2?
-1414
In base 7, what is 2 + 44?
46
In base 6, what is 3 + -121?
-114
In base 14, what is 27a0 - 3?
279b
In base 2, what is 1010 + -101000?
-11110
In base 15, what is -1e7 + 0?
-1e7
In base 2, what is -11111 + 11?
-11100
In base 10, what is 0 + -106?
-106
In base 7, what is 45 + 265?
343
In base 14, what is 1 - -53c?
53d
In base 7, what is 1 + -40?
-36
In base 10, what is -11 + -59?
-70
In base 4, what is -22 - 1212?
-1300
In base 8, what is 0 + 1254?
1254
In base 10, what is -256 + -5?
-261
In base 4, what is -1030 + -32?
-1122
In base 8, what is -4 + 3246?
3242
In base 11, what is 1 - 137?
-136
In base 15, what is eb - d?
dd
In base 12, what is -162 - -5?
-159
In base 9, what is 3 - 8?
-5
In base 7, what is 234 - -5?
242
In base 6, what is -1 + 1105?
1104
In base 9, what is 6 - -233?
240
In base 5, what is 44033 - 4?
44024
In base 9, what is -5 - 1?
-6
In base 16, what is -20 - -18?
-8
In base 13, what is 3 + 673?
676
In base 9, what is -360 + 14?
-345
In base 7, what is 3501 - 2?
3466
In base 14, what is 2 + -2ba?
-2b8
In base 16, what is 1ba + -14?
1a6
In base 13, what is -1 - 147?
-148
In base 9, what is -1352 + 5?
-1346
In base 4, what is -30 - 21?
-111
In base 12, what is -255 - -4?
-251
In base 4, what is 12303113 - -11?
12303130
In base 13, what is a1 - 3?
9b
In base 15, what is 4 - -5c?
61
In base 4, what is 12 + 0?
12
In base 8, what is 1 - -102?
103
In base 9, what is -1724 + -4?
-1728
In base 12, what is -4 - 861?
-865
In base 2, what is 11110010011010 - 1?
11110010011001
In base 16, what is 7 - 6?
1
In base 2, what is 1100110001 - 11?
1100101110
In base 2, what is -100 + 1011101101?
1011101001
In base 5, what is -42422 + -2?
-42424
In base 13, what is 35 + 4b?
83
In base 6, what is 144 + -23?
121
In base 14, what is -2 - -2?
0
In base 9, what is 0 + 516?
516
In base 15, what is -16 - e4?
-10a
In base 13, what is -4 + 191?
18a
In base 13, what is 0 + -920?
-920
In base 14, what is 4881 - 1?
4880
In base 4, what is 23321 - 13?
23302
In base 9, what is 1 - 286?
-285
In base 5, what is -33412 - -4?
-33403
In base 11, what is 5 + 5?
a
In base 5, what is -14 + 113?
44
In base 13, what is -36 - 1